y + 5*y - 25. What are the prime factors of j(y)?
3
Let w be (0 - (-1)/1)*3. Let c = w + 11. List the prime factors of c.
2, 7
Let y = -8 + 16. Suppose 0 = 4*m - 0*m - y. Suppose -m*u = u - 33. List the prime factors of u.
11
Let h(s) = -s**3 - 12*s**2 + 11*s + 12. Let n(q) = -q**3 - 11*q**2 + 11*q + 12. Let t(p) = 3*h(p) - 4*n(p). List the prime factors of t(-9).
2, 3
Let v be 8 + (3 - (2 - 2)). Let w = 15 - v. Suppose -w*y = -66 + 26. List the prime factors of y.
2, 5
Let a = 25 - 45. Let w = a + 38. List the prime factors of w.
2, 3
Let r be -42 - (-3 + 2 + -1). What are the prime factors of (-8)/12 - r/6?
2, 3
Let g be (17 - (1 - 3)) + (-7)/(-7). Suppose 5*s = -t + 11, -3*t = -6*t - 4*s + 11. Suppose -t = -n + g. List the prime factors of n.
3, 7
Suppose 4*k = 2*i - 66 + 182, 0 = -5*i - 20. Suppose -2*d - k = -5*d. What are the prime factors of d?
3
Suppose -2*w = -2*y + w + 53, -190 = -5*y - 4*w. List the prime factors of y.
2, 17
Let y(z) = -z**2 - 14*z - 9. What are the prime factors of y(-7)?
2, 5
Let j = -8 + 49. Let u = j - 29. Suppose -2 = 2*v - u. List the prime factors of v.
5
Let y(c) = -7*c - 3. Let z(j) = -j**2 - 3*j + 7. Let k be z(-5). What are the prime factors of y(k)?
2, 3
Suppose 3*c + 423 = 1074. List the prime factors of c.
7, 31
Suppose 2*o = o - 7. List the prime factors of (0 + -1)*(1 + o).
2, 3
Suppose -q + 6 = 3*d, 5*d = -2*q - 0*q + 10. List the prime factors of d.
2
What are the prime factors of 175 - (1 + -5 + 6)?
173
Let g be (4/(-6))/(8/(-12)). Let t = g + 8. List the prime factors of t.
3
Let i = -6 + 53. List the prime factors of i.
47
Let t(h) = -h + 9. Let n be t(6). Suppose 4*v - 4*f = -0*v + 156, v - 39 = n*f. List the prime factors of v.
3, 13
Let s = -3 + 7. List the prime factors of (0 - -6) + 0/s.
2, 3
Suppose 4*j = 77 + 35. What are the prime factors of j?
2, 7
Let p be (0 - 1)/(2/8). Let y = 7 + p. Suppose -y*n + 3 = -3. What are the prime factors of n?
2
Suppose -4*s + 5*s = 3*g - 383, -g = 5*s - 101. List the prime factors of g.
2, 3, 7
Let s be (-27)/(((-15)/2)/5). Let f be -8 + (2 - 4) + 2. Let i = s + f. List the prime factors of i.
2, 5
Suppose -5*b + 0*b = -5. Let i = b - 1. Let x(h) = h + 2. What are the prime factors of x(i)?
2
Let n = -6 + 13. Suppose 11 + 9 = 5*i + 4*q, 2*q = -3*i + 10. Suppose i = -3*x + 4*x - n. List the prime factors of x.
7
Let o be -1 - (-2 + -3 + 2). Suppose m - o*m = 4*b + 4, -3 = m + 3*b. Suppose m*t = t - 22. What are the prime factors of t?
2, 11
Let i(c) = -2*c - 1. Suppose -k + 9 = -5*y + k, 4*k = 4*y. Let w be y + 3 + -3 + -3. What are the prime factors of i(w)?
11
Suppose 0 = -2*w + 2 + 2. Suppose -w*k - 2 = -4*k. What are the prime factors of (-55)/(-10) + k/2?
2, 3
Let r = 1 + 9. List the prime factors of r.
2, 5
List the prime factors of -2 + (167 - -3 - -1 - 0).
13
Let a(p) be the second derivative of -p**5/10 + p**4/4 + 2*p**3/3 + p**2 + p. List the prime factors of a(-2).
2, 11
Let n(s) = 5*s - 10. Let u = 13 + 0. What are the prime factors of n(u)?
5, 11
Let c be -1*(0 - 3/(-1)). Let b(h) = 9*h + 1. Let u be b(c). List the prime factors of u/(-5) + 2/(-10).
5
Suppose -b = 0, -b - 3 + 9 = 2*g. Suppose -g*z = -93 + 30. List the prime factors of z.
3, 7
Suppose 4*f - f = 213. List the prime factors of f.
71
Let l(v) = v - 5. Let k be l(5). What are the prime factors of k - -2 - 7/(-1)?
3
Let v = 5 + -4. List the prime factors of 14/v - (8 - 10).
2
List the prime factors of 20/8*294/5.
3, 7
Suppose 0*x = 4*x - m - 80, 0 = 2*x + 2*m - 40. List the prime factors of x.
2, 5
Let q be (3/(-6))/((-1)/6). Suppose 4*i = 0, y - q = 2*i + 10. What are the prime factors of y?
13
Suppose 6*l = l - 3*b + 6, b = 2. Let d be l + -1 + 40 + 3. Suppose -i + 3*v = -25, -i = i - 4*v - d. List the prime factors of i.
13
Let w(m) be the second derivative of m**4/12 + 4*m**3/3 - 5*m**2 + 3*m. Let g be w(-9). List the prime factors of 11 + 0 - 1*g.
2, 3
Suppose 0 = f - 3*f + 30. Let u be ((-12)/f)/(3/15). What are the prime factors of 2*1*(-38)/u?
19
Let y(b) = 9*b - 11. What are the prime factors of y(14)?
5, 23
Let q(m) = 9*m**2 - 2*m - 16. List the prime factors of q(5).
199
Let l(g) be the second derivative of g**4/12 + 11*g**2/2 + g. Suppose 0 = -4*a - 2*a. What are the prime factors of l(a)?
11
Let n = 15 + -11. Let p be (n - 3)/((-1)/(-6)). Let z(k) = -k**3 + 6*k**2 + 4*k - 6. What are the prime factors of z(p)?
2, 3
Let o(j) = 6*j + 2. What are the prime factors of o(7)?
2, 11
Suppose 13 = -q + 59. List the prime factors of q.
2, 23
Let r = 5 + -3. Suppose r*x + 9 = 3*w - x, -w = -5*x - 15. Suppose -f + 5 = -3*s - 3, 3*f - 4*s - 24 = w. List the prime factors of f.
2
Let h = -102 + 215. List the prime factors of h.
113
Let k be (10/(-4))/((-3)/6). Let y = 9 - k. What are the prime factors of y?
2
Let p be (44/(-3))/((-1)/(-3)). Let u = -30 - p. Let x = 5 + u. What are the prime factors of x?
19
Let x = -494 + 842. What are the prime factors of (-2)/3*x/(-8)?
29
Suppose 3*x - 5*u - 279 = 0, -4*u = -4*x - 0*u + 364. What are the prime factors of x?
2, 11
Let p = 34 + -16. Let a = -9 + p. List the prime factors of a.
3
Let c = 6 - -6. Let t = c + 0. Let j = t + -1. What are the prime factors of j?
11
Let r(x) = 6*x + 6. Let s(c) = -c - 1. Let w(m) = r(m) + 5*s(m). Let n be w(-1). Suppose n = g - 3 - 1. What are the prime factors of g?
2
Suppose -8*u = -11*u + 144. Suppose 0 = j - 5*j - 136. Let f = u + j. List the prime factors of f.
2, 7
What are the prime factors of (-9)/5*(-880)/66?
2, 3
Let j be (3/3)/(0 - -1). Let h be -1 + (j - 0/(-1)). Suppose h*d + f = 2*d - 2, d - 4*f = -6. List the prime factors of d.
2
Suppose 9 = 5*f - 2*s, -3*s = -f - 0*s - 6. List the prime factors of f.
3
Suppose -g + 33 = 4*w + w, 0 = -2*w - 4*g + 6. Suppose 3*o + 4*m - 9 + 23 = 0, 3*o = -5*m - 19. Let p = w - o. List the prime factors of p.
5
Let n be (9/15)/((-2)/(-20)). Suppose -n = -c + y, -c + y = -5*c + 44. What are the prime factors of c?
2, 5
Suppose -6*d + 12 = -4*d. Let b be (-2)/(-5) + (-18)/(-5). List the prime factors of (d/b + -2)*-12.
2, 3
List the prime factors of 114/(-15)*(-3 - 7).
2, 19
Let l be (-328)/(-104) + (-4)/26. List the prime factors of l/2*(11 + 1).
2, 3
Let u(z) = 3*z**2 + 2*z - 3. Let b be u(2). Let i(n) = -n - 1. Let d be i(-3). Suppose -p = -d*r - b, -4*p + r + 38 = -0*p. What are the prime factors of p?
3
Let a = -55 + 96. List the prime factors of a.
41
Let y(x) = -x**2 - 9*x - 6. Let u be y(-8). Suppose -10 = -4*g - 2*p, 2*g - 2 = u*p - 6*p. What are the prime factors of g?
3
Suppose -4*v = -451 - 681. What are the prime factors of v?
283
Suppose 2*q + 3*b = 51, 59 = 3*q + 3*b - 2*b. Suppose 1 + 5 = -d. What are the prime factors of 76/q - d/(-27)?
2
Suppose 147 + 102 = n. What are the prime factors of n?
3, 83
Let n(y) = -8*y + 4. Let h(d) = -d + 1. Let r(q) = 5*h(q) - n(q). Let j be r(3). Suppose -2*g = -0*g - j. What are the prime factors of g?
5
Let f = -6 - -17. Let q = f + -5. List the prime factors of q.
2, 3
Let j(x) = x**3 + 7*x**2 - 21*x - 6. List the prime factors of j(-9).
3, 7
Let x(a) = -2*a**2 + 10*a - 6. Suppose -9 = -5*i - 3*q + 9, 3*q = -i - 6. Let z be x(i). Let w = z - -27. List the prime factors of w.
3
Let x = 4 + -9. Let g(k) = k**3 + 7*k**2 + 7*k + 2. List the prime factors of g(x).
17
Let i(p) = -72*p + 11. List the prime factors of i(-2).
5, 31
Suppose 0*j + j = 0. Suppose j*k = 4*k - 80. What are the prime factors of k?
2, 5
Suppose 2*o = -3*k + 192, -k = 5*o - 484 + 30. What are the prime factors of o?
2, 3, 5
Let n(z) be the first derivative of z**2/2 - 1. Let u be n(3). Suppose -m - 3*b = -12, 0*m - 5*m - u*b = -24. What are the prime factors of m?
3
Let c = 2 + 3. Suppose c*w - 4 = 6. List the prime factors of w.
2
Suppose 4*o - 14 = -h, -4 - 2 = -3*h. Suppose -48 = -o*c + 2*c. What are the prime factors of c?
2, 3
Let i be (-4)/(-8) + (-3)/(-2). Suppose -i*l = -4 - 10. List the prime factors of l.
7
List the prime factors of ((-1)/(2/(-11)))/(3/18).
3, 11
Let b(o) = -2*o + 8. Let y(n) = 2*n - 8. Let a(s) = -6*b(s) - 5*y(s). What are the prime factors of a(12)?
2
Let f(t) = -41*t + 4. What are the prime factors of f(-1)?
3, 5
Suppose 0*b - 96 = -6*b. What are the prime factors of b?
2
Let g be 116/(-12)*(0 - 3). Let z =